*d - 5*y + 3 = 0, 2*d - d + 5*y - 18 = 0. Suppose 0*q - d*l = q - 2, -53 = -4*q - 3*l. What is the remainder when 38 is divided by q?
4
Let r(f) = -f - 13. Let x be r(-9). Let p = 0 - x. Suppose 8 - 273 = -5*s + 5*j, s = -p*j + 63. Calculate the remainder when s is divided by 19.
17
Let f = 71 + -36. Let z = 145 + -78. What is the remainder when z is divided by f?
32
Suppose -n + l = 4 + 8, 5*l = -5*n - 90. Let q = n + 15. Suppose q = 5*h + 10, -2*k + 4*k - 240 = -2*h. Calculate the remainder when k is divided by 31.
29
Suppose 55 + 29 = 4*g. Let v = -66 - -69. Suppose -20 - 170 = -3*k - 4*r, -v*r - 245 = -4*k. What is the remainder when k is divided by g?
20
Suppose 9*z + 38 = 10*z. Suppose -2*i + 25 = 3*i. What is the remainder when z is divided by i?
3
Let h(l) = 102*l - 130. Calculate the remainder when h(6) is divided by 27.
23
What is the remainder when 299 is divided by ((-4)/(-6))/((-11240)/1125 - -10)?
74
Let x(h) = h**3 - 7*h**2 - 110*h - 15. What is the remainder when 265 is divided by x(-7)?
58
Suppose 3*c - 4*c + 7 = 0. Let v(s) = 1 - 4*s - 5 - 13 + c*s. Calculate the remainder when v(14) is divided by 9.
7
Suppose 0 = 3*w + 4*x - 23, 0*w - w - 2*x + 11 = 0. Calculate the remainder when -31*(-3)/(2 + w) is divided by 11.
9
Let q be (-51)/85 - 186/(-10). Calculate the remainder when 4/q + (-259)/(-9) is divided by 8.
5
Suppose -53 = -2*x - 17. What is the remainder when 1 - (4/10 - 426/15) is divided by x?
11
Let x(v) = 5*v**2 + 3*v - 3. Calculate the remainder when 622 is divided by x(4).
88
Suppose 3*r - 4*r + 3*p - 23 = 0, 4 = p. Let w = r + 24. Calculate the remainder when w is divided by 8.
5
Calculate the remainder when 177/(-1*9/(-6)) is divided by 21.
13
Let y(p) = -p**2 + 23*p + 53. Let t be y(25). Suppose 2*w - 16 = -2. What is the remainder when ((-5 - -7) + 13/t)*3 is divided by w?
5
Suppose -5*m + 790 = 5*m. Suppose -4*p = m - 103. What is the remainder when 16 is divided by p?
4
Let j = -24 + 15. Let i = j + 14. Let c = i + -3. What is the remainder when 7 is divided by c?
1
Let z = -14 + 18. Suppose p + z*p - 25 = 0. Suppose 120 = 4*u - 6*t + 2*t, -p*t = 0. Calculate the remainder when u is divided by 11.
8
Let w be ((-10)/(-30))/((-1)/57). Let y be -10 + 6 - (w + 0). Suppose -a + 8 + y = 0. What is the remainder when a is divided by 8?
7
What is the remainder when 823 is divided by (-3798)/(-342) + 6/(-57)?
9
What is the remainder when 38 is divided by 7/4 + -2 - (-164)/16?
8
Let f = 7 - 2. Suppose -3*y - f = 4. What is the remainder when -1 + (-444)/(-4) + y is divided by 27?
26
Let i be 4 - (4/(-4) + -13). Suppose 3*s = i - 0. Let o = s - -6. What is the remainder when 34 is divided by o?
10
Let f be (-382 + 0)*3/12*-2. Suppose -30 + f = 7*k. What is the remainder when k is divided by 9?
5
Let k be -1 + 64 - -4 - 1. Suppose 0*o = -c - 5*o - 39, 2*c + 4*o + k = 0. Let z = c + 32. What is the remainder when 6 is divided by z?
0
Let o(s) = -3*s. What is the remainder when o(-2) is divided by (-24)/(-36) - (-14)/6?
0
Suppose 5*i + 105 = -0*z + 5*z, -2*i + 8 = 0. What is the remainder when 96 is divided by z?
21
Let x(i) = i**2 + i + 1. Let u = -151 + 92. Let f = u + 77. Calculate the remainder when f is divided by x(-3).
4
What is the remainder when 24 is divided by 2/(-13) + (-205)/(-65) + 0?
0
Suppose 0 = 8*w - 2*w - 60. Suppose 8*r - 13*r + w = 0. Suppose -16 = -5*a - r*v, -2*v + 4 = 2*a - 0. What is the remainder when a is divided by 3?
1
Let z = -1466 - -1487. Calculate the remainder when 56 is divided by z.
14
Let k be -29 + (-20)/5 + -5. Let a = 59 + k. Calculate the remainder when 38 is divided by a.
17
Let j = -170 - -204. Let z(a) = -14*a + 2. Let h(f) = -13*f + 1. Let v(m) = -3*h(m) + 2*z(m). Calculate the remainder when j is divided by v(1).
10
Let t(u) = -u + 10. Let q(i) = i + 1. Let f(g) = 2*q(g) - t(g). What is the remainder when (-1*12)/(2/(-3)) is divided by f(6)?
8
Suppose -43*w - 32*w = -1350. What is the remainder when 28 is divided by w?
10
Suppose -47*x + 30*x + 1309 = 0. Calculate the remainder when x is divided by 35.
7
Let y = -149 - -225. Suppose 2*l + 2*l + 4*j = y, 40 = 4*l - 5*j. Calculate the remainder when 1 + 0 - (-42 + 2) is divided by l.
11
Calculate the remainder when 271 is divided by (-2)/(10/(-35)) - -30.
12
Let d = -18 + 31. Let o(r) = -r**2 + 11*r + 19. Let n be o(d). Let k = n + 14. What is the remainder when k is divided by 5?
2
Suppose -415*n = -363*n - 2756. What is the remainder when n is divided by 46/6 - (-2)/(-3)?
4
Suppose 0*m - 5*y = 4*m - 6, -3*y + 6 = 3*m. Calculate the remainder when 27 is divided by m.
3
Suppose 2*d + 0*d = 14. Suppose 0 = -d*t + 2*t + 50. What is the remainder when (5/t)/((-1)/(-68)) is divided by 12?
10
Suppose -11*d + 1628 = -781. Calculate the remainder when d is divided by 20.
19
Suppose 0 = -9*p - 37 + 163. Calculate the remainder when 24 is divided by p.
10
Suppose -11 + 9 = b. What is the remainder when b/(-3)*(-18 + 54) is divided by 13?
11
Suppose 0 = -w - w + 132. Suppose 2*n - 2*l + 35 = 113, n - 5*l - 59 = 0. Calculate the remainder when w is divided by n.
32
Let d = 571 - 521. Calculate the remainder when 498 is divided by d.
48
Suppose 0 = 3*u + 28 - 37. Suppose 4*i - 3*l + l - 116 = 0, l = -u*i + 82. Calculate the remainder when i is divided by 10.
8
Suppose 0 = 103*p - 5256 - 3808. Calculate the remainder when p is divided by 23.
19
Let a = 69 - 102. Let y = 41 + a. What is the remainder when 21 is divided by y?
5
Suppose 4*u - 18 = -2*c + 4*c, 0 = 4*c - 4*u + 24. What is the remainder when 9 is divided by c/(-8) + 63/24?
0
Let h = -49 - -49. Suppose -5*f + 82 + 43 = h. Calculate the remainder when 71 is divided by f.
21
Suppose 44 = -4*k + 3*k. Let h(p) = 2*p**2 - 6*p - 42. Let l be h(9). Let u = k + l. Calculate the remainder when 43 is divided by u.
21
Let r be 9/4*(-54 + 2). Let t = r + 172. Calculate the remainder when t is divided by 7.
6
Suppose s - 2*b + 7*b + 73 = 0, s = 2*b - 59. Let d = -35 - s. Calculate the remainder when d is divided by (-7 + 1)*15/(405/(-72)).
12
Suppose -6*k - 153 = -393. Calculate the remainder when 195 is divided by k.
35
Let v(z) = -z**2 + 7*z + 2. Let y be v(8). Let m(c) = 5*c + 2. Let k be m(y). What is the remainder when 53 is divided by (-3)/2*k/3?
11
Let b = -212 - -247. Calculate the remainder when b is divided by 26.
9
What is the remainder when 38 is divided by (((-132)/(-8))/11)/((-12)/(-56))?
3
Let b(g) = -g**3 - 4*g**2 + g + 8. Let j = 40 - 52. Let i = j - -37. Calculate the remainder when b(-6) is divided by i.
24
What is the remainder when 48 is divided by (3 + (-6 - -4))/(-1)*-23?
2
Suppose 0 = -3*b - 5 + 35. Suppose 2*f - b = f. Let a(v) = v**2 - 3*v - 1. Calculate the remainder when a(6) is divided by f.
7
Suppose -3*a + 37 = 5*y - 36, 0 = -3*a + 3. Let c(z) = -z**2 - 16*z - 8. What is the remainder when c(-12) is divided by y?
12
Suppose -37 = -j - 4*b, 5*b = -3*j - 2*j + 125. Suppose 5*t = -k + 33, -4*k - 3*t = -t - 42. What is the remainder when j is divided by k?
5
Suppose -3*p - 9 = 0, 2*q + 5*p = -0*q + 9. What is the remainder when (-4)/q*-3*41 is divided by 30?
11
Suppose n + n - 12 = 0. Let q = -468 - -518. Suppose 0 = n*h - h - q. Calculate the remainder when h is divided by 6.
4
Let p(x) = -2*x**3 + 20*x**2 + 8*x - 56. Calculate the remainder when 229 is divided by p(10).
13
Suppose d - 31 - 9 = 0. Suppose 8*k = 12*k - d. What is the remainder when 97/5 + -2*1/5 is divided by k?
9
Let q(v) = 2*v - 1. What is the remainder when 382 is divided by q(18)?
32
Let d = -17 + 20. Suppose 35 - 9 = 3*g - 4*v, -2*v = d*g + 4. Suppose 0 = g*s - 67 + 1. Calculate the remainder when s is divided by 17.
16
Let z = -2 - 7. Let w = 1185 - 1179. Calculate the remainder when (w/4)/(z/(-444)) is divided by 19.
17
Let f be (1/1 - 3) + 3. Let v = f - -17. What is the remainder when 88 is divided by v?
16
Let r(k) = -42*k + 1. Suppose 2*n - 3*z + 36 = 4*n, -24 = -n - 3*z. What is the remainder when r(-1) is divided by n?
7
Suppose 15 - 4 = i. Suppose -7*k - 48 = -4*s - 12*k, 0 = -s + 2*k - 1. Calculate the remainder when i is divided by s.
4
Let h = 15 - 11. Suppose 2*y + n = -y + 18, h*y = 5*n + 5. Suppose 5*j - w = 41, -y*j + 5*w + 45 = -0*w. What is the remainder when 29 is divided b